{"id":419,"date":"2010-08-02T13:54:16","date_gmt":"2010-08-02T12:54:16","guid":{"rendered":"http:\/\/www.acquiro.dk\/?page_id=419"},"modified":"2013-04-17T10:43:52","modified_gmt":"2013-04-17T09:43:52","slug":"projektledelse","status":"publish","type":"page","link":"http:\/\/www.acquiro.dk\/?page_id=419","title":{"rendered":"Projektledelse"},"content":{"rendered":"<p>Acquiros erfaring med projektledelse d\u00e6kker f\u00f8lgende omr\u00e5der:<\/p>\n<ul>\n<li>Sparring og r\u00e5dgivning om projektledelse og -organisering<\/li>\n<li>Etablering af projektledelseskultur, processer og v\u00e6rkt\u00f8jer<\/li>\n<li>Varetagelse af projektledelse p\u00e5 forandringsprojekter<\/li>\n<li>Undervisning i projektledelse<\/li>\n<\/ul>\n<p>Acquiro kan for eksempel hj\u00e6lpe kunder med at etablere en fuld projektledelseskultur med hvad dertil h\u00f8rer af projektledelsesv\u00e6rkt\u00f8jer, processer, organisering, styregruppe-, projektleder- og projektdeltageruddannelse.<\/p>\n<p><span><span>Acquiro opererer b\u00e5de i det private og i det offentlige og har de seneste \u00e5r ogs\u00e5 via COK undervist projektledere fra K\u00f8benhavn -, Frederiksberg-, N\u00e6stved -, Gladsaxe-, Halsn\u00e6s og Frederikshavn kommune.<a href=\"http:\/\/www.acquiro.dk\/wp-content\/uploads\/2010\/08\/IMG_4507-high.jpg\"><br \/>\n<\/a><\/span><\/span><\/p>\n<p><a href=\"http:\/\/www.acquiro.dk\/wp-content\/uploads\/2010\/08\/IMG_0425.jpg\"><img loading=\"lazy\" decoding=\"async\" class=\"alignleft size-large wp-image-660\" title=\"IMG_0425\" src=\"http:\/\/www.acquiro.dk\/wp-content\/uploads\/2010\/08\/IMG_0425-1024x768.jpg\" alt=\"\" width=\"640\" height=\"480\" srcset=\"http:\/\/www.acquiro.dk\/wp-content\/uploads\/2010\/08\/IMG_0425-1024x768.jpg 1024w, http:\/\/www.acquiro.dk\/wp-content\/uploads\/2010\/08\/IMG_0425-300x225.jpg 300w, http:\/\/www.acquiro.dk\/wp-content\/uploads\/2010\/08\/IMG_0425.jpg 2048w\" sizes=\"auto, (max-width: 640px) 100vw, 640px\" \/><\/a><br \/>\n<a href=\"http:\/\/www.acquiro.dk\/wp-content\/uploads\/2010\/08\/IMG_4507-high.jpg\"><img loading=\"lazy\" decoding=\"async\" title=\"IMG_4507 high\" src=\"http:\/\/www.acquiro.dk\/wp-content\/uploads\/2010\/08\/IMG_4507-high-1024x682.jpg\" alt=\"\" width=\"640\" height=\"426\" \/><\/a><\/p>\n<p>&nbsp;<\/p>\n<p>&nbsp;<\/p>\n<p>&nbsp;<\/p>\n","protected":false},"excerpt":{"rendered":"<p>Acquiros erfaring med projektledelse d\u00e6kker f\u00f8lgende omr\u00e5der: Sparring og r\u00e5dgivning om projektledelse og -organisering Etablering af projektledelseskultur, processer og v\u00e6rkt\u00f8jer Varetagelse af projektledelse p\u00e5 forandringsprojekter Undervisning i projektledelse Acquiro kan for eksempel hj\u00e6lpe kunder med at etablere en fuld projektledelseskultur med hvad dertil h\u00f8rer af projektledelsesv\u00e6rkt\u00f8jer, processer, organisering, styregruppe-, projektleder- og projektdeltageruddannelse. Acquiro opererer b\u00e5de [&hellip;]<\/p>\n","protected":false},"author":2,"featured_media":0,"parent":1000,"menu_order":2,"comment_status":"closed","ping_status":"open","template":"","meta":{"footnotes":""},"class_list":["post-419","page","type-page","status-publish","hentry"],"_links":{"self":[{"href":"http:\/\/www.acquiro.dk\/index.php?rest_route=\/wp\/v2\/pages\/419","targetHints":{"allow":["GET"]}}],"collection":[{"href":"http:\/\/www.acquiro.dk\/index.php?rest_route=\/wp\/v2\/pages"}],"about":[{"href":"http:\/\/www.acquiro.dk\/index.php?rest_route=\/wp\/v2\/types\/page"}],"author":[{"embeddable":true,"href":"http:\/\/www.acquiro.dk\/index.php?rest_route=\/wp\/v2\/users\/2"}],"replies":[{"embeddable":true,"href":"http:\/\/www.acquiro.dk\/index.php?rest_route=%2Fwp%2Fv2%2Fcomments&post=419"}],"version-history":[{"count":0,"href":"http:\/\/www.acquiro.dk\/index.php?rest_route=\/wp\/v2\/pages\/419\/revisions"}],"up":[{"embeddable":true,"href":"http:\/\/www.acquiro.dk\/index.php?rest_route=\/wp\/v2\/pages\/1000"}],"wp:attachment":[{"href":"http:\/\/www.acquiro.dk\/index.php?rest_route=%2Fwp%2Fv2%2Fmedia&parent=419"}],"curies":[{"name":"wp","href":"https:\/\/api.w.org\/{rel}","templated":true}]}}